te number?
True
Is 33593 composite?
True
Is 9719 composite?
False
Is 509533 a composite number?
True
Is 1438747 a composite number?
False
Is 59911 composite?
True
Is 159139 prime?
False
Is 152197 a composite number?
False
Is 13613 composite?
False
Is 204641 a composite number?
False
Is 151717 prime?
True
Is 244393 composite?
False
Is 241771 a composite number?
False
Is 157921 prime?
False
Is 105443 composite?
True
Is 47482 a composite number?
True
Is 690347 a prime number?
False
Is 78383 composite?
True
Is 99697 a composite number?
True
Is 62459 composite?
False
Is 7542901 prime?
True
Is 199759 a composite number?
True
Is 223 prime?
True
Is 23423 a prime number?
False
Is 43853 composite?
False
Is 64151 prime?
True
Is 1726103 a prime number?
True
Is 1393 a prime number?
False
Is 10007 a composite number?
False
Is 1343 a composite number?
True
Is 2053 a composite number?
False
Is 136057 prime?
True
Is 1248829 a composite number?
False
Is 77729 composite?
True
Is 2483 a composite number?
True
Is 7619 a prime number?
False
Is 17113 prime?
False
Is 2620951 a prime number?
True
Is 49243 a composite number?
True
Is 799 composite?
True
Is 150473 a prime number?
True
Is 1004101 a prime number?
False
Is 3683 a prime number?
False
Is 37751 prime?
False
Is 23249 composite?
True
Is 158819 composite?
True
Is 10357 a composite number?
False
Is 8146 a prime number?
False
Is 1259 a composite number?
False
Is 1703005 prime?
False
Is 23357 a composite number?
False
Is 339943 a composite number?
False
Is 293705 a composite number?
True
Is 37403 a composite number?
True
Is 357101 prime?
False
Is 126653 composite?
False
Is 109883 a prime number?
True
Is 15089 a prime number?
False
Is 197143 a prime number?
False
Is 6170743 a prime number?
True
Is 50021 a prime number?
True
Is 914063 a composite number?
True
Is 445 composite?
True
Is 11863 composite?
False
Is 2646967 composite?
False
Is 50329 prime?
True
Is 79801 composite?
False
Is 5297 a composite number?
False
Is 61267 a composite number?
True
Is 413297 composite?
True
Is 156523 a composite number?
True
Is 189887 prime?
True
Is 6530417 a prime number?
True
Is 2207861 a prime number?
True
Is 41441 a prime number?
False
Is 2321 a composite number?
True
Is 45641 a prime number?
True
Is 96949 a composite number?
True
Is 309733 prime?
False
Is 217901 a prime number?
True
Is 6803 prime?
True
Is 390031 a composite number?
True
Is 129653 a prime number?
False
Is 1980071 a composite number?
True
Is 26597 composite?
False
Is 6007 a prime number?
True
Is 470661 a composite number?
True
Is 362821 prime?
False
Is 13793 a composite number?
True
Is 688955 prime?
False
Is 121129 composite?
True
Is 349747 composite?
True
Is 325937 composite?
True
Is 2575589 composite?
False
Is 3527877 a composite number?
True
Is 146801 a prime number?
True
Is 14951 composite?
False
Is 4202069 a prime number?
True
Is 676723 composite?
True
Is 202533 prime?
False
Is 6863 composite?
False
Is 1412534 prime?
False
Is 535481 a prime number?
True
Is 513509 a prime number?
True
Is 55659 a prime number?
False
Is 9047 a prime number?
False
Is 5557 composite?
False
Is 22343 a prime number?
True
Is 25939 a composite number?
False
Is 68461 a prime number?
False
Is 10331 composite?
False
Is 87499 a composite number?
True
Is 115 a prime number?
False
Is 293053 a prime number?
False
Is 712193 a prime number?
False
Is 15121 a composite number?
False
Is 141251 a prime number?
False
Is 22189 a composite number?
False
Is 8153 a prime number?
False
Is 16607 a composite number?
False
Is 407833 prime?
True
Is 29794 composite?
True
Is 5983 a prime number?
False
Is 1039 a prime number?
True
Is 271957 a composite number?
True
Is 61249 a composite number?
True
Is 167009 a prime number?
True
Is 49493 a composite number?
True
Is 935257 a composite number?
False
Is 615427 a composite number?
False
Is 55997 a prime number?
True
Is 26281 a composite number?
True
Is 293861 a prime number?
True
Is 31883 composite?
False
Is 18539 a prime number?
True
Is 82963 a composite number?
False
Is 5579 a prime number?
False
Is 54401 prime?
True
Is 774955 a prime number?
False
Is 126149 composite?
True
Is 105857 prime?
False
Is 1637 prime?
True
Is 1087 a composite number?
False
Is 2719579 composite?
True
Is 741401 composite?
False
Is 247289 a composite number?
True
Is 835769 prime?
False
Is 20369 prime?
True
Is 53657 prime?
True
Is 262103 a prime number?
True
Is 69365 prime?
False
Is 72755 composite?
True
Is 1481793 composite?
True
Is 24281 composite?
False
Is 34807 prime?
True
Is 8147 a composite number?
False
Is 228793 a composite number?
False
Is 199 composite?
False
Is 19631 a prime number?
False
Is 97127 a composite number?
False
Is 43753 prime?
True
Is 70271 composite?
False
Is 281189 a prime number?
True
Is 127691 a prime number?
True
Is 443 prime?
True
Is 2145017 prime?
False
Is 2409853 a prime number?
False
Is 226283 a composite number?
False
Is 3150887 a prime number?
True
Is 572873 prime?
False
Is 2459 a prime number?
True
Is 1151 prime?
True
Is 726441 a composite number?
True
Is 58991 composite?
False
Is 1893722 composite?
True
Is 123991 prime?
False
Is 93229 composite?
False
Is 112507 prime?
True
Is 128633 composite?
True
Is 88045 a prime number?
False
Is 41045 a prime number?
False
Is 1071755 prime?
False
Is 2357 composite?
False
Is 44953 composite?
False
Is 990365 a composite number?
True
Is 317 a prime number?
True
Is 5006 a composite number?
True
Is 1357 a composite number?
True
Is 34913 a prime number?
True
Is 45481 prime?
True
Is 134741 prime?
True
Is 14821 prime?
True
Is 43853 a prime number?
True
Is 735209 composite?
False
Is 84857 composite?
False
Is 285421 a prime number?
True
Is 3369 prime?
False
Is 16283 a prime number?
False
Is 3379 prime?
False
Is 99949 a prime number?
False
Is 149893 composite?
False
Is 1270903 prime?
False
Is 384719 composite?
False
Is 10495 a composite number?
True
Is 642442 a prime number?
False
Is 877697 a composite number?
True
Is 87251 composite?
False
Is 147919 composite?
False
Is 3694 prime?
False
Is 1901 a composite number?
False
Is 163309 composite?
False
Is 242971 a composite number?
False
Is 16153 prime?
False
Is 1277 composite?
False
Is 1481 a prime number?
True
Is 128147 composite?
False
Is 10921 a prime number?
False
Is 1105009 prime?
True
Is 44353 prime?
False
Is 18479 composite?
True
Is 14662 a prime number?
False
Is 60191 a composite number?
True
Is 174589 composite?
True
Is 3919 composite?
False
Is 105349 composite?
True
Is 407 a composite number?
True
Is 319637 prime?
False
Is 90205 composite?
True
Is 450833 composite?
True
Is 14173 prime?
True
Is 227269 composite?
True
Is 2237 a prime number?
True
Is 14029 a composite number?
False
Is 812921 a prime number?
True
Is 881679 composite?
True
Is 667 a composite number?
True
Is 452027 prime?
True
Is 2995 prime?
False
Is 141587 composite?
False
Is 456451 a prime number?
True
Is 172021 a composite number?
False
Is 193393 composite?
False
Is 2186993 prime?
True
Is 2003 a prime number?
True
Is 207881 a prime number?
False
Is 180563 prime?
True
Is 107609 a composite number?
False
Is 783317 prime?
True
Is 110119 composite?
False
Is 58601 a prime number?
True
Is 1882 composite?
True
Is 1062029 a composite number?
True
Is 84086 a prime number?
False
Is 165653 a composite number?
False
Is 106907 composite?
False
Is 31091 composite?
False
Is 2957 prime?
True
Is 81331 prime?
True
Is 210823 a composite number?
False
Is 105295 prime?
False
Is 87157 a composite number?
True
Is 490453 a prime number?
True
Is 191137 composite?
False
Is 3371 composite?
False
Is 31307 composite?
False
Is 92821 prime?
True
Is 97571 composite?
False
Is 9767 a prime number?
True
Is 76561 prime?
True
Is 3691 composite?
False
Is 76883 composite?
False
Is 1759 composite?
False
Is 87893 composite?
True
Is 12037 composite?
False
Is 479 a composite number?
False
Is 414187 a prime number?
False
Is 13141 composite?
True
Is 522287 composite?
True
Is 24659 prime?
True
Is 45251 composite?
True
Is 6943 a composite number?
True
Is 88651 a composite number?
False
Is 2939 prime?
True
Is 18227 a prime number?
False
Is 12379 a composite number?
False
Is 6113 a prime number?
True
Is 70961 a prime number?
False
Is 6159 a prime number